rime factors of 518338253?
518338253
List the prime factors of 1108177743.
3, 23, 127, 126461
What are the prime factors of 11260646?
2, 1129, 4987
List the prime factors of 5382715015.
5, 17, 63326059
List the prime factors of 566723174.
2, 23, 2287, 5387
What are the prime factors of 75392554?
2, 67, 562631
List the prime factors of 447101333.
7, 881, 10357
List the prime factors of 32970987.
3, 7, 523349
What are the prime factors of 92949928?
2, 11618741
List the prime factors of 269182156.
2, 23, 2925893
List the prime factors of 741272485.
5, 43, 47, 109, 673
What are the prime factors of 37857644?
2, 11, 29, 29669
What are the prime factors of 39404915?
5, 11, 716453
List the prime factors of 736702290.
2, 3, 5, 31, 29339
List the prime factors of 122209454.
2, 3853, 15859
What are the prime factors of 3122142328?
2, 787, 495893
What are the prime factors of 72936900?
2, 3, 5, 81041
List the prime factors of 1884269939.
53, 1543, 23041
List the prime factors of 40598511.
3, 13532837
List the prime factors of 159332669.
1801, 88469
List the prime factors of 23591548.
2, 193, 30559
What are the prime factors of 6510474?
2, 3, 311, 1163
List the prime factors of 404047677.
3, 11, 9199
What are the prime factors of 14514713?
1291, 11243
List the prime factors of 47314131.
3, 15771377
List the prime factors of 1370198996.
2, 431, 794779
What are the prime factors of 333885362?
2, 641, 260441
List the prime factors of 52571450.
2, 5, 37, 157, 181
What are the prime factors of 1128159512?
2, 163, 865153
List the prime factors of 688698326.
2, 344349163
What are the prime factors of 6142389682?
2, 11, 13, 21476887
What are the prime factors of 78835670?
2, 5, 7883567
List the prime factors of 3795391935.
3, 5, 41, 607, 3389
List the prime factors of 364679659.
37, 257, 38351
List the prime factors of 21206552.
2, 23, 5011
List the prime factors of 2115571606.
2, 19, 1471, 37847
List the prime factors of 2458333750.
2, 5, 1966667
What are the prime factors of 1178288396?
2, 294572099
List the prime factors of 652259853.
3, 7, 10353331
List the prime factors of 291263655.
3, 5, 71, 491, 557
What are the prime factors of 231646645?
5, 131, 251, 1409
What are the prime factors of 75511153?
75511153
What are the prime factors of 614736386?
2, 11, 31, 81943
What are the prime factors of 86907823?
23, 41, 4007
List the prime factors of 7747097.
37, 209381
List the prime factors of 224873511.
3, 29, 61, 42373
List the prime factors of 2073262970.
2, 5, 857, 241921
What are the prime factors of 34501810?
2, 5, 7, 492883
What are the prime factors of 153848910?
2, 3, 5, 5128297
What are the prime factors of 5399130?
2, 3, 5, 11, 16361
List the prime factors of 133003542.
2, 3, 7, 452393
What are the prime factors of 1008053389?
7, 144007627
What are the prime factors of 1992624761?
1992624761
What are the prime factors of 2279334026?
2, 191, 5966843
What are the prime factors of 32870968?
2, 13, 316067
List the prime factors of 30030219.
3, 769, 4339
What are the prime factors of 345237794?
2, 11, 41, 382747
List the prime factors of 1592813197.
29, 5297, 10369
List the prime factors of 3562631256.
2, 3, 1039, 142871
List the prime factors of 127839150.
2, 3, 5, 17, 983
What are the prime factors of 2215785620?
2, 5, 317, 349493
List the prime factors of 163801732.
2, 17, 141697
What are the prime factors of 165127797?
3, 18347533
What are the prime factors of 1664901386?
2, 832450693
What are the prime factors of 52167954?
2, 3, 919, 9461
What are the prime factors of 15020464?
2, 577, 1627
What are the prime factors of 938920110?
2, 3, 5, 1237, 25301
List the prime factors of 262847531.
337, 409, 1907
List the prime factors of 312199823.
13, 43, 558497
List the prime factors of 1177853087.
61, 857, 22531
List the prime factors of 3403418.
2, 1701709
What are the prime factors of 1573469062?
2, 11, 647, 110543
List the prime factors of 182444330.
2, 5, 18244433
List the prime factors of 1521956579.
11, 13, 10643053
List the prime factors of 388271621.
31, 12524891
List the prime factors of 1455638675.
5, 58225547
List the prime factors of 70425667.
13, 5417359
What are the prime factors of 5282124218?
2, 7, 37, 41, 73, 3407
What are the prime factors of 1934398317?
3, 47, 1999, 6863
What are the prime factors of 105061689?
3, 173, 67477
List the prime factors of 61923438.
2, 3, 131, 26261
List the prime factors of 169107335.
5, 33821467
List the prime factors of 653556487.
163, 4009549
List the prime factors of 2446552714.
2, 1223276357
What are the prime factors of 115649392?
2, 53, 136379
List the prime factors of 1766229791.
83, 21279877
What are the prime factors of 276722946?
2, 3, 5124499
List the prime factors of 2076272.
2, 11, 47, 251
List the prime factors of 5456633.
7, 13, 61, 983
What are the prime factors of 656146466?
2, 53, 6190061
What are the prime factors of 132236277?
3, 829, 53171
List the prime factors of 151484670.
2, 3, 5, 23, 73181
List the prime factors of 156734135.
5, 17, 19, 107, 907
What are the prime factors of 31087882?
2, 7, 43, 113, 457
What are the prime factors of 12176803?
53, 229751
List the prime factors of 1052982690.
2, 3, 5, 719, 48817
List the prime factors of 240216981.
3, 19, 221807
What are the prime factors of 375963183?
3, 2063, 20249
What are the prime factors of 53526986?
2, 191, 140123
List the prime factors of 505029310.
2, 5, 19, 2658049
What are the prime factors of 1499760560?
2, 5, 18747007
List the prime factors of 1874522440.
2, 5, 7, 317, 431
What are the prime factors of 672599026?
2, 11, 30572683
List the prime factors of 25527582.
2, 3, 109, 4337
List the prime factors of 242007521.
7, 4938929
List the prime factors of 44241729.
3, 7, 2106749
List the prime factors of 24328533.
3, 8109511
What are the prime factors of 6191442?
2, 3, 29, 409
List the prime factors of 81354256.
2, 5084641
What are the prime factors of 57002669?
41, 1390309
List the prime factors of 3430893144.
2, 3, 7, 131, 155893
List the prime factors of 39704240.
2, 5, 496303
List the prime factors of 839447081.
11, 997, 76543
What are the prime factors of 326997523?
167, 1958069
List the prime factors of 151781627.
17, 2647, 3373
What are the prime factors of 3878034022?
2, 30223, 64157
What are the prime factors of 101114145?
3, 5, 11, 359, 569
List the prime factors of 173564824.
2, 53, 409351
What are the prime factors of 576487564?
2, 67, 2151073
What are the prime factors of 42169264?
2, 67, 139, 283
List the prime factors of 1182542339.
11, 127, 846487
List the prime factors of 10098731.
17, 503, 1181
What are the prime factors of 231503607?
3, 29, 886987
What are the prime factors of 101212393?
101212393
List the prime factors of 413342018.
2, 53, 3899453
List the prime factors of 41664741.
3, 3041, 4567
List the prime factors of 1781587918.
2, 11, 31, 1543, 1693
What are the prime factors of 474621546?
2, 3, 7, 1614359
What are the prime factors of 10057199?
59, 373, 457
What are the prime factors of 1204870113?
3, 607, 73517
What are the prime factors of 4078892720?
2, 5, 7, 53, 2593
What are the prime factors of 30411817?
37, 821941
What are the prime factors of 214753316?
2, 17, 167, 18911
What are the prime factors of 1746011593?
19, 409, 224683
List the prime factors of 18597876.
2, 3, 11, 140893
What are the prime factors of 605805291?
3, 7, 13, 19, 683
What are the prime factors of 934462554?
2, 3, 47, 3313697
List the prime factors of 63065445.
3, 5, 4204363
List the prime factors of 7737592.
2, 43, 83, 271
What are the prime factors of 376484718?
2, 3, 62747453
List the prime factors of 112331736.
2, 3, 11, 141833
What are the prime factors of 191137452?
2, 3, 11, 23, 157, 401
What are the prime factors of 8443701283?
8443701283
What are the prime factors of 76784954?
2, 17, 31, 263, 277
List the prime factors of 2330820533.
2330820533
List the prime factors of 4509713447.
4509713447
What are the prime factors of 2010856113?
3, 7, 59, 540989
List the prime factors of 338417348.
2, 84604337
What are the prime factors of 385879013?
13, 29683001
What are the prime factors of 67453591?
19, 3550189
What are the prime factors of 424412826?
2, 3, 70735471
What are the prime factors of 2598600117?
3, 866200039